*(-1 + 13)?
1
Suppose -3*r - 96 = -4*q - 142, 2*r + 5*q = 0. What is the units digit of (-4 - 176/(-4))*r - -2?
2
What is the hundreds digit of 4101/(-4 - (-4 - -5) - 722/(-133))?
5
What is the thousands digit of (-3733162)/(-303) - (-11)/(-3)?
2
Let v(f) = 5*f + 68. Let n(r) = -2*r - 17. Let w be n(5). Let g be 10/(-45) - (-3)/(w/(-236)). What is the hundreds digit of v(g)?
1
Let y(g) = g - 5. Let j be y(7). Suppose 3*b - 2*v = j*v + 995, -4*b + 3*v + 1329 = 0. What is the hundreds digit of b?
3
Suppose -5*z + 442 = -3*u, 0 = -5*u + 2*z + z - 742. Let k = 268 - u. What is the hundreds digit of k?
4
Let r = -266 - -267. What is the units digit of (-30176)/492*-3*(1 + r)?
8
Let k be 1 + 4*2/8. Suppose -9 + 1 = -k*o. Suppose 0 = o*i - 57 - 111. What is the units digit of i?
2
Suppose -l = -9*l. Suppose m - 2*m + 3 = l. Suppose 246 = 4*d - m*k, -4*d + 4*k + 121 = -127. What is the tens digit of d?
6
Let f(q) = -29*q**3 + q**2 - 18*q - 10. What is the tens digit of f(-5)?
3
Let l(u) be the first derivative of -4*u**3/3 + u**2/2 + 5*u - 23. Let g be l(8). Let d = g - -450. What is the units digit of d?
7
Suppose -2*k - 3*k = -p + 796, -5*k = 5*p - 3920. Let s be p/(-15) + (-6)/(-15). Let i = -40 - s. What is the tens digit of i?
1
Let q = -448 + 249. Let b = 396 + q. What is the units digit of b?
7
Suppose 18*k = 122913 - 35487. What is the units digit of k?
7
Let t(b) = 425*b**2 - 32*b - 109. What is the tens digit of t(-3)?
1
Suppose -h - 22 = 5*g, -h - 4 + 2 = g. Suppose 30 = i + j, -i = -j + h*j - 33. Let q = i + 18. What is the tens digit of q?
4
Let d(m) = -2*m + m**2 + m + m**2 + 10 - 6*m. Let x be d(5). Suppose -x*s + 1266 = -19*s. What is the units digit of s?
1
Let q be -1*3*2/2. Let w(l) = -12*l**2 - 6*l - 4. Let r be w(-1). What is the units digit of 4 - (r - 15/q)?
9
Suppose 337*p - 341*p = -340. Let f = p + 188. What is the units digit of f?
3
Let t = -10216 - -16853. What is the thousands digit of t?
6
Let h(f) = -8 - 10 + 13*f + 25*f - 1. Let i be h(13). Suppose 0 = -0*p + 5*p - i. What is the tens digit of p?
9
Let u(o) = -o**3 + 8*o**2 - 9*o - 25. Let t be u(9). Let k = t + 868. What is the hundreds digit of k?
6
Let r be (30/35)/((-2)/14) + 38. Let j(v) = v**3 - 7*v**2 + 6*v - 6. Let z be j(6). What is the units digit of (r/6)/((-4)/z)?
8
Let w(h) = h**2 + 14*h + 18. Let u be w(-12). What is the units digit of (-16)/(-4) + u - -7 - -1?
6
Suppose d - 4*p = 24 + 29, 59 = d - 2*p. Suppose 7*w - d = -6*w. Suppose w*u + 5*f - 65 = 0, 0 = -4*u + 4*f - f + 52. What is the units digit of u?
3
Let t = 30786 + -18170. What is the hundreds digit of t?
6
Suppose 3*x = -m + 7337 + 1666, -m + 9003 = -x. What is the hundreds digit of m?
0
Let b(u) be the second derivative of u**4/3 + u**3/6 + 4*u**2 + 14*u. Let n be b(0). What is the units digit of 2 + (-7 - -2) + n?
5
Let b(u) = -u**3 - 18*u**2 - 19*u - 21. Let k(p) = p**3 + 17*p**2 + 19*p + 22. Let r(a) = 6*b(a) + 5*k(a). What is the hundreds digit of r(-23)?
4
What is the hundreds digit of 1277 - ((-77)/(-11) - -3)?
2
Let r(n) = -19 - 36*n - n**3 - 17*n**2 + n**3 - n**3. Let c = -7589 - -7574. What is the units digit of r(c)?
1
Let x(j) = -3*j - 3. Let g be x(-2). Let l = -6 + 8. Suppose 3*q = -g*t + 102 + 129, l*q - 142 = -5*t. What is the tens digit of q?
8
Let a(b) = 1628*b + 3564. What is the ten thousands digit of a(7)?
1
Let c(a) = 503*a**2 + 13*a - 73. What is the hundreds digit of c(-6)?
9
Suppose -25*k + 213070 + 855 = 0. Suppose 2094 - k = -5*m - d, 2*m - 4*d - 2594 = 0. What is the hundreds digit of m?
2
Suppose -13 = -5*p - 163. Let y be ((-12)/30 + (-32)/p)*3. Suppose 3*i + y*u = 369, -78 = -i - 3*u + 45. What is the tens digit of i?
2
What is the units digit of (-5)/(-2)*16419960/1275?
6
What is the thousands digit of 0 + 78392/15 - 5 - 2/15?
5
Suppose -2*u = -6 + 4, -p - 20*u = -59484. What is the hundreds digit of p?
4
Let w = -13 - -13. Let n be 8/44 + 20/11. Suppose 3*f + 62 = i, w = 4*i + n*f + 56 - 304. What is the tens digit of i?
6
Let x(w) = -4*w + 16. Let z be x(0). Suppose 2*y - 4*y - z = -2*h, 4*y = h - 17. Suppose -124 = -5*g + 3*u, 45 = h*g - 4*u - 77. What is the units digit of g?
6
Let j = 53 - 49. Suppose -4*n - j*m = -0*m - 36, 5*n - 33 = -2*m. Suppose n*q + 2*k = 43, 12 = -3*q - 3*k + 45. What is the units digit of q?
7
Let y be (4/(-9))/((-2)/9). Suppose 3*h - 5*m - 109 = 532, y*h - 426 = 2*m. What is the hundreds digit of h?
2
Suppose -7 = -2*l + 1. Let p = l - 6. What is the tens digit of 1/(10/665) + p/4?
6
What is the thousands digit of -138*(-18 + 765/(-6))?
0
Let b(x) = 13*x**2 + 163*x - 3584. What is the tens digit of b(28)?
7
Suppose 6*i = -3*i + 4986. Let j = i + -319. Suppose -j = -19*n + 14*n. What is the tens digit of n?
4
Let g = 10865 - 586. What is the ten thousands digit of g?
1
Suppose 14*d - 212325 = -61*d. What is the tens digit of d?
3
Let m(y) = -7*y - 4. Let j be m(-2). Suppose -p - 638 = -x, j*p = -x + 7*p + 658. What is the units digit of x?
3
Suppose w = 334 - 75. Let a = -88 + w. What is the units digit of a?
1
Suppose -3*t + 20 - 5 = 0, -4*i + 5*t - 33 = 0. What is the tens digit of 8/(-80)*-2804*(-5)/i?
0
Let p be (-6)/(-2) - (-21)/(-7). Let g be p*((-6)/20 + 6/(-30)). Suppose g = n, 4*n = c - 27 - 72. What is the units digit of c?
9
Let g(k) = -7*k**2 + 106*k - 12. Let o be g(15). What is the units digit of (182 - (-4 + 9)) + 6/o?
9
Suppose 8*g - 61193 = 289111. What is the tens digit of g?
8
Suppose 240*a = 236*a + 28212. What is the units digit of a?
3
Let p(x) = -x**3 - 3*x**2 + 12*x + 2. Let m be p(-8). Let w = m + 121. What is the tens digit of w?
4
Let x(u) = 10*u - 8. Let r(m) = -m**2 + 14*m - 4. Let a be r(13). Suppose 6 = 3*g - a. What is the units digit of x(g)?
2
What is the thousands digit of 1*((-8 - -9614) + 3)?
9
Let p = 44512 - 29678. What is the ten thousands digit of p?
1
Suppose 0 = 6*h + 11 - 23. What is the units digit of 1817/6 - (h - 117/54)?
3
Let v = 5474 - 4608. What is the hundreds digit of v?
8
Let y(d) = d**2 - 2*d - 66. Let q be y(-7). What is the thousands digit of -1 + 1125 - (6 - (7 + q))?
1
Let x be 4*9/48 + 1002/8. Suppose x - 2496 = -15*g. What is the hundreds digit of g?
1
Let k(m) = m**3 - 4*m**2 - 4*m - 1. Let y be k(5). Let q(i) = 2*i + 3*i - 3 + y + 11. What is the tens digit of q(6)?
4
Let d(v) = 18*v**2 + 30*v + 117. What is the thousands digit of d(11)?
2
Suppose -2*p + 967636 = 33*p + 12*p. What is the hundreds digit of p?
5
Let x(k) = -k**3 + 18*k**2 + 5*k + 6. Let b be x(20). Let y = b - -432. Let h = y + 374. What is the units digit of h?
2
Let l(b) = -b**2 - 33*b - 29. Suppose -2*i + 6*i = -12, 2*m - 5*i = 23. Suppose -c + 5*o - 28 = 2, -m*c - 96 = 4*o. What is the tens digit of l(c)?
7
Suppose -8 = q + 4*v, -4*v = 4*q - 30 + 2. Suppose 4*m - 143 = 5*a + q, -2*a = -4*m + 158. Suppose -m - 19 = -n. What is the tens digit of n?
5
Let j = 55 + -237. Let n = 640 + j. What is the tens digit of n?
5
Suppose -12 = 3*v, 2*q + 6*v - 2*v + 3140 = 0. What is the hundreds digit of q/(-4) - (-2)/4?
3
What is the ten thousands digit of (-5 + 231/44)*135376?
3
Suppose 30*w - 355036 = -96*w + 337586. What is the hundreds digit of w?
4
Let m(z) = 4*z**2 + 3*z - 1. Let h be (4 - 24/3) + -4. Let r be m(h). Suppose 4*v - 7*v = -r. What is the units digit of v?
7
Let x(z) = 133*z**2 + 18*z**2 + 77*z**2 + z + 3 - 15*z**2. What is the tens digit of x(-1)?
1
Suppose 5*y + 2*d + 491 - 1610 = 0, 885 = 4*y + 5*d. What is the tens digit of y?
2
Suppose 140352 = 18*y - 118946 - 111016. What is the units digit of y?
3
Let f(a) = 120*a**2 - 11*a + 25. Let m = 73 - 71. What is the tens digit of f(m)?
8
Let t(n) = 10*n**2 + 180*n + 13. What is the units digit of t(-26)?
3
Suppose -7*p + 39 + 31 = 0. What is the tens digit of (-15)/10 + 3545/p?
5
Let q = 18871 - -4111. What is the ten thousands digit of q?
2
Suppose 0 = 6*x - 13 - 11. Suppose 3*r = -x*b + 460 + 334, 0 = -4*b + r + 802. What is the hundreds digit of 8/(b/3495) + (-2)/(-10)?
1
Let d(u) = u**3 + 36*u**2 + 38*u - 171. What is the thousands digit of d(-26)?
5
Suppose -g = -3*c + 1, 5*c = -1 + 6. Let d = 1292 - 1224. Suppose 10 - d = -g*f. What is the units digit of f?
9
Let a be 15*(-14)/21*(-2)/4. Let y(x) = 36*x**2 + 19*x - 26. What is the units 